{"id":738,"date":"2025-02-17T16:37:29","date_gmt":"2025-02-17T15:37:29","guid":{"rendered":"https:\/\/proptechsumm.it\/booking\/?post_type=product&#038;p=738"},"modified":"2025-11-20T15:26:01","modified_gmt":"2025-11-20T14:26:01","slug":"kuehlschrank-branding","status":"publish","type":"product","link":"https:\/\/proptechsumm.it\/booking\/shop\/kuehlschrank-branding\/","title":{"rendered":"K\u00fchlschrank-Branding"},"content":{"rendered":"<p>Die K\u00fchlschr\u00e4nke werden seitlich vollfl\u00e4chig gebrandet und auf der Front mit Ihrem Logo versehen. Mit 6\u20138 Ger\u00e4ten direkt in der Location ist ein einheitliches Erscheinungsbild garantiert und Ihre Marke erh\u00e4lt eine perfekte Sichtbarkeit<\/p>\n","protected":false},"excerpt":{"rendered":"<p>Die K\u00fchlschr\u00e4nke werden seitlich vollfl\u00e4chig gebrandet und auf der Front mit Ihrem Logo versehen. Mit 6\u20138 Ger\u00e4ten direkt in der Location ist ein einheitliches Erscheinungsbild garantiert und Ihre Marke erh\u00e4lt eine perfekte Sichtbarkeit<\/p>\n","protected":false},"featured_media":858,"comment_status":"open","ping_status":"closed","template":"","meta":[],"product_brand":[],"product_cat":[17],"product_tag":[],"class_list":{"0":"post-738","1":"product","2":"type-product","3":"status-publish","4":"has-post-thumbnail","6":"product_cat-branding","7":"entry","9":"first","10":"outofstock","11":"sold-individually","12":"taxable","13":"shipping-taxable","14":"purchasable","15":"product-type-simple"},"_links":{"self":[{"href":"https:\/\/proptechsumm.it\/booking\/wp-json\/wp\/v2\/product\/738","targetHints":{"allow":["GET"]}}],"collection":[{"href":"https:\/\/proptechsumm.it\/booking\/wp-json\/wp\/v2\/product"}],"about":[{"href":"https:\/\/proptechsumm.it\/booking\/wp-json\/wp\/v2\/types\/product"}],"replies":[{"embeddable":true,"href":"https:\/\/proptechsumm.it\/booking\/wp-json\/wp\/v2\/comments?post=738"}],"wp:featuredmedia":[{"embeddable":true,"href":"https:\/\/proptechsumm.it\/booking\/wp-json\/wp\/v2\/media\/858"}],"wp:attachment":[{"href":"https:\/\/proptechsumm.it\/booking\/wp-json\/wp\/v2\/media?parent=738"}],"wp:term":[{"taxonomy":"product_brand","embeddable":true,"href":"https:\/\/proptechsumm.it\/booking\/wp-json\/wp\/v2\/product_brand?post=738"},{"taxonomy":"product_cat","embeddable":true,"href":"https:\/\/proptechsumm.it\/booking\/wp-json\/wp\/v2\/product_cat?post=738"},{"taxonomy":"product_tag","embeddable":true,"href":"https:\/\/proptechsumm.it\/booking\/wp-json\/wp\/v2\/product_tag?post=738"}],"curies":[{"name":"wp","href":"https:\/\/api.w.org\/{rel}","templated":true}]}}